{"id":229,"date":"2021-12-08T03:13:22","date_gmt":"2021-12-08T03:13:22","guid":{"rendered":"https:\/\/vaconline.mx\/?page_id=229"},"modified":"2021-12-23T04:01:09","modified_gmt":"2021-12-23T04:01:09","slug":"elementor-229","status":"publish","type":"page","link":"https:\/\/vaconline.mx\/index.php\/elementor-229\/","title":{"rendered":"Elementor #229"},"content":{"rendered":"\t\t<div data-elementor-type=\"wp-page\" data-elementor-id=\"229\" class=\"elementor elementor-229\">\n\t\t\t\t\t\t<section class=\"elementor-section elementor-top-section elementor-element elementor-element-32805b48 elementor-section-height-min-height elementor-section-items-top elementor-section-full_width elementor-section-height-default\" data-id=\"32805b48\" data-element_type=\"section\" data-e-type=\"section\" data-settings=\"{&quot;background_background&quot;:&quot;classic&quot;}\">\n\t\t\t\t\t\t\t<div class=\"elementor-background-overlay\"><\/div>\n\t\t\t\t\t\t\t<div class=\"elementor-container elementor-column-gap-default\">\n\t\t\t\t\t<div class=\"elementor-column elementor-col-100 elementor-top-column elementor-element elementor-element-76ede5c3\" data-id=\"76ede5c3\" data-element_type=\"column\" data-e-type=\"column\" data-settings=\"{&quot;background_background&quot;:&quot;classic&quot;}\">\n\t\t\t<div class=\"elementor-widget-wrap elementor-element-populated\">\n\t\t\t\t\t\t<div class=\"elementor-element elementor-element-5efa02e3 elementor-headline--style-rotate elementor-widget elementor-widget-animated-headline\" data-id=\"5efa02e3\" data-element_type=\"widget\" data-e-type=\"widget\" data-settings=\"{&quot;headline_style&quot;:&quot;rotate&quot;,&quot;rotating_text&quot;:&quot;\\u00bfQui\\u00e9nes Somos ?&quot;,&quot;animation_type&quot;:&quot;slide&quot;}\" data-widget_type=\"animated-headline.default\">\n\t\t\t\t<div class=\"elementor-widget-container\">\n\t\t\t\t\t\t\t<h3 class=\"elementor-headline elementor-headline-animation-type-slide\">\n\t\t\t\t\t\t<span class=\"elementor-headline-dynamic-wrapper elementor-headline-text-wrapper\"><\/span>\n\t\t\t\t\t<\/h3>\n\t\t\t\t\t\t<\/div>\n\t\t\t\t<\/div>\n\t\t\t\t<div class=\"elementor-element elementor-element-663fd257 elementor-widget elementor-widget-heading\" data-id=\"663fd257\" data-element_type=\"widget\" data-e-type=\"widget\" data-widget_type=\"heading.default\">\n\t\t\t\t<div class=\"elementor-widget-container\">\n\t\t\t\t\t<h1 class=\"elementor-heading-title elementor-size-default\">La mas amplia gama de soluciones. <\/h1>\t\t\t\t<\/div>\n\t\t\t\t<\/div>\n\t\t\t\t\t<\/div>\n\t\t<\/div>\n\t\t\t\t\t<\/div>\n\t\t<\/section>\n\t\t\t\t<section class=\"elementor-section elementor-top-section elementor-element elementor-element-6ca3775b elementor-section-full_width elementor-section-content-middle elementor-section-height-default elementor-section-height-default\" data-id=\"6ca3775b\" data-element_type=\"section\" data-e-type=\"section\" data-settings=\"{&quot;background_background&quot;:&quot;classic&quot;}\">\n\t\t\t\t\t\t<div class=\"elementor-container elementor-column-gap-no\">\n\t\t\t\t\t<div class=\"elementor-column elementor-col-50 elementor-top-column elementor-element elementor-element-168f07f\" data-id=\"168f07f\" data-element_type=\"column\" data-e-type=\"column\">\n\t\t\t<div class=\"elementor-widget-wrap elementor-element-populated\">\n\t\t\t\t\t\t<div class=\"elementor-element elementor-element-775b6361 elementor-widget elementor-widget-heading\" data-id=\"775b6361\" data-element_type=\"widget\" data-e-type=\"widget\" data-widget_type=\"heading.default\">\n\t\t\t\t<div class=\"elementor-widget-container\">\n\t\t\t\t\t<h2 class=\"elementor-heading-title elementor-size-default\">01<\/h2>\t\t\t\t<\/div>\n\t\t\t\t<\/div>\n\t\t\t\t\t<\/div>\n\t\t<\/div>\n\t\t\t\t<div class=\"elementor-column elementor-col-50 elementor-top-column elementor-element elementor-element-54b82f39\" data-id=\"54b82f39\" data-element_type=\"column\" data-e-type=\"column\">\n\t\t\t<div class=\"elementor-widget-wrap elementor-element-populated\">\n\t\t\t\t\t\t<div class=\"elementor-element elementor-element-2fe84a21 elementor-widget elementor-widget-heading\" data-id=\"2fe84a21\" data-element_type=\"widget\" data-e-type=\"widget\" data-widget_type=\"heading.default\">\n\t\t\t\t<div class=\"elementor-widget-container\">\n\t\t\t\t\t<h3 class=\"elementor-heading-title elementor-size-default\">Nosotros Somos Vac Online <\/h3>\t\t\t\t<\/div>\n\t\t\t\t<\/div>\n\t\t\t\t\t<\/div>\n\t\t<\/div>\n\t\t\t\t\t<\/div>\n\t\t<\/section>\n\t\t\t\t<section class=\"elementor-section elementor-top-section elementor-element elementor-element-5ea6339 elementor-section-content-middle elementor-section-boxed elementor-section-height-default elementor-section-height-default\" data-id=\"5ea6339\" data-element_type=\"section\" data-e-type=\"section\">\n\t\t\t\t\t\t<div class=\"elementor-container elementor-column-gap-no\">\n\t\t\t\t\t<div class=\"elementor-column elementor-col-33 elementor-top-column elementor-element elementor-element-51afe45a\" data-id=\"51afe45a\" data-element_type=\"column\" data-e-type=\"column\">\n\t\t\t<div class=\"elementor-widget-wrap elementor-element-populated\">\n\t\t\t\t\t\t<div class=\"elementor-element elementor-element-ccf530e elementor-widget elementor-widget-heading\" data-id=\"ccf530e\" data-element_type=\"widget\" data-e-type=\"widget\" data-widget_type=\"heading.default\">\n\t\t\t\t<div class=\"elementor-widget-container\">\n\t\t\t\t\t<h3 class=\"elementor-heading-title elementor-size-default\">VAC Online <\/h3>\t\t\t\t<\/div>\n\t\t\t\t<\/div>\n\t\t\t\t<div class=\"elementor-element elementor-element-47871b3 elementor-widget-divider--view-line elementor-widget elementor-widget-divider\" data-id=\"47871b3\" data-element_type=\"widget\" data-e-type=\"widget\" data-widget_type=\"divider.default\">\n\t\t\t\t<div class=\"elementor-widget-container\">\n\t\t\t\t\t\t\t<div class=\"elementor-divider\">\n\t\t\t<span class=\"elementor-divider-separator\">\n\t\t\t\t\t\t<\/span>\n\t\t<\/div>\n\t\t\t\t\t\t<\/div>\n\t\t\t\t<\/div>\n\t\t\t\t\t<\/div>\n\t\t<\/div>\n\t\t\t\t<div class=\"elementor-column elementor-col-33 elementor-top-column elementor-element elementor-element-7b19777\" data-id=\"7b19777\" data-element_type=\"column\" data-e-type=\"column\">\n\t\t\t<div class=\"elementor-widget-wrap elementor-element-populated\">\n\t\t\t\t\t\t<div class=\"elementor-element elementor-element-439a57a5 elementor-widget elementor-widget-image\" data-id=\"439a57a5\" data-element_type=\"widget\" data-e-type=\"widget\" data-widget_type=\"image.default\">\n\t\t\t\t<div class=\"elementor-widget-container\">\n\t\t\t\t\t\t\t\t\t\t\t\t\t\t\t<img fetchpriority=\"high\" decoding=\"async\" width=\"2560\" height=\"1707\" src=\"https:\/\/vaconline.mx\/wp-content\/uploads\/2021\/12\/man-using-mobile-payments-online-shopping-and-icon-customer-network-connection-on-scre-SBI-301990136-scaled.jpg\" class=\"elementor-animation-grow attachment-full size-full wp-image-669\" alt=\"\" srcset=\"https:\/\/vaconline.mx\/wp-content\/uploads\/2021\/12\/man-using-mobile-payments-online-shopping-and-icon-customer-network-connection-on-scre-SBI-301990136-scaled.jpg 2560w, https:\/\/vaconline.mx\/wp-content\/uploads\/2021\/12\/man-using-mobile-payments-online-shopping-and-icon-customer-network-connection-on-scre-SBI-301990136-300x200.jpg 300w, https:\/\/vaconline.mx\/wp-content\/uploads\/2021\/12\/man-using-mobile-payments-online-shopping-and-icon-customer-network-connection-on-scre-SBI-301990136-1024x683.jpg 1024w, https:\/\/vaconline.mx\/wp-content\/uploads\/2021\/12\/man-using-mobile-payments-online-shopping-and-icon-customer-network-connection-on-scre-SBI-301990136-768x512.jpg 768w\" sizes=\"(max-width: 2560px) 100vw, 2560px\" style=\"width:100%;height:66.68%;max-width:2560px\" \/>\t\t\t\t\t\t\t\t\t\t\t\t\t\t\t<\/div>\n\t\t\t\t<\/div>\n\t\t\t\t<div class=\"elementor-element elementor-element-52aa2517 elementor-widget elementor-widget-text-editor\" data-id=\"52aa2517\" data-element_type=\"widget\" data-e-type=\"widget\" data-widget_type=\"text-editor.default\">\n\t\t\t\t<div class=\"elementor-widget-container\">\n\t\t\t\t\t\t\t\t\t<h4><span style=\"color: #000000;\">VAC ON LINE es un mayorista de TI resultado de la uni\u00f3n de un grupo de profesionales en tecnolog\u00eda cuya misi\u00f3n es el desarrollo de canales de distribuci\u00f3n enfocados en la integraci\u00f3n y venta de soluciones de infraestructura, comunicaciones y redes.<\/span><\/h4>\t\t\t\t\t\t\t\t<\/div>\n\t\t\t\t<\/div>\n\t\t\t\t\t<\/div>\n\t\t<\/div>\n\t\t\t\t<div class=\"elementor-column elementor-col-33 elementor-top-column elementor-element elementor-element-52d3a24a\" data-id=\"52d3a24a\" data-element_type=\"column\" data-e-type=\"column\">\n\t\t\t<div class=\"elementor-widget-wrap elementor-element-populated\">\n\t\t\t\t\t\t<div class=\"elementor-element elementor-element-61707c1e elementor-widget elementor-widget-text-editor\" data-id=\"61707c1e\" data-element_type=\"widget\" data-e-type=\"widget\" data-widget_type=\"text-editor.default\">\n\t\t\t\t<div class=\"elementor-widget-container\">\n\t\t\t\t\t\t\t\t\t<h4><span style=\"color: #000000;\">VAC ON LINE fue fundado en 1995 con un enfoque esencial en la distribuci\u00f3n de productos y sistemas de energ\u00eda interrumpible (UPS)<\/span><\/h4>\t\t\t\t\t\t\t\t<\/div>\n\t\t\t\t<\/div>\n\t\t\t\t<div class=\"elementor-element elementor-element-795f229e elementor-widget elementor-widget-image\" data-id=\"795f229e\" data-element_type=\"widget\" data-e-type=\"widget\" data-widget_type=\"image.default\">\n\t\t\t\t<div class=\"elementor-widget-container\">\n\t\t\t\t\t\t\t\t\t\t\t\t\t\t\t<img decoding=\"async\" width=\"2560\" height=\"1920\" src=\"https:\/\/vaconline.mx\/wp-content\/uploads\/2021\/12\/812-scaled.jpg\" class=\"elementor-animation-grow attachment-full size-full wp-image-686\" alt=\"\" srcset=\"https:\/\/vaconline.mx\/wp-content\/uploads\/2021\/12\/812-scaled.jpg 2560w, https:\/\/vaconline.mx\/wp-content\/uploads\/2021\/12\/812-300x225.jpg 300w, https:\/\/vaconline.mx\/wp-content\/uploads\/2021\/12\/812-1024x768.jpg 1024w, https:\/\/vaconline.mx\/wp-content\/uploads\/2021\/12\/812-768x576.jpg 768w, https:\/\/vaconline.mx\/wp-content\/uploads\/2021\/12\/812-1536x1152.jpg 1536w, https:\/\/vaconline.mx\/wp-content\/uploads\/2021\/12\/812-2048x1536.jpg 2048w, https:\/\/vaconline.mx\/wp-content\/uploads\/2021\/12\/812-1568x1176.jpg 1568w\" sizes=\"(max-width: 2560px) 100vw, 2560px\" style=\"width:100%;height:75%;max-width:2560px\" \/>\t\t\t\t\t\t\t\t\t\t\t\t\t\t\t<\/div>\n\t\t\t\t<\/div>\n\t\t\t\t<div class=\"elementor-element elementor-element-81d88e0 elementor-widget elementor-widget-text-editor\" data-id=\"81d88e0\" data-element_type=\"widget\" data-e-type=\"widget\" data-widget_type=\"text-editor.default\">\n\t\t\t\t<div class=\"elementor-widget-container\">\n\t\t\t\t\t\t\t\t\t<h4><span style=\"color: #000000;\">Sin embargo y producto de la evoluci\u00f3n del mercado que d\u00eda con d\u00eda requiere la integraci\u00f3n de proyectos llave en mano VAC ha evolucionado su perfil de negocios combinando su amplia experiencia en el segmento de protecci\u00f3n el\u00e9ctrica con nuevas alianzas que al d\u00eda de hoy le permiten soportar proyectos de infraestructura f\u00edsica para entornos cr\u00edticos<\/span><\/h4>\t\t\t\t\t\t\t\t<\/div>\n\t\t\t\t<\/div>\n\t\t\t\t\t<\/div>\n\t\t<\/div>\n\t\t\t\t\t<\/div>\n\t\t<\/section>\n\t\t\t\t<\/div>\n\t\t","protected":false},"excerpt":{"rendered":"<p>La mas amplia gama de soluciones. 01 Nosotros Somos Vac Online VAC Online VAC ON LINE es un mayorista de TI resultado de la uni\u00f3n de un grupo de profesionales en tecnolog\u00eda cuya misi\u00f3n es el desarrollo de canales de distribuci\u00f3n enfocados en la integraci\u00f3n y venta de soluciones de infraestructura, comunicaciones y redes. VAC&hellip; <a class=\"more-link\" href=\"https:\/\/vaconline.mx\/index.php\/elementor-229\/\">Continue reading <span class=\"screen-reader-text\">Elementor #229<\/span><\/a><\/p>\n","protected":false},"author":1,"featured_media":0,"parent":0,"menu_order":0,"comment_status":"closed","ping_status":"closed","template":"elementor_header_footer","meta":{"om_disable_all_campaigns":false,"_monsterinsights_skip_tracking":false,"_monsterinsights_sitenote_active":false,"_monsterinsights_sitenote_note":"","_monsterinsights_sitenote_category":0,"footnotes":""},"class_list":["post-229","page","type-page","status-publish","hentry","entry"],"aioseo_notices":[],"yoast_head":"<!-- This site is optimized with the Yoast SEO plugin v24.1 - https:\/\/yoast.com\/wordpress\/plugins\/seo\/ -->\n<title>Elementor #229 - Vaconline<\/title>\n<meta name=\"robots\" content=\"index, follow, max-snippet:-1, max-image-preview:large, max-video-preview:-1\" \/>\n<link rel=\"canonical\" href=\"https:\/\/vaconline.mx\/index.php\/elementor-229\/\" \/>\n<meta property=\"og:locale\" content=\"en_US\" \/>\n<meta property=\"og:type\" content=\"article\" \/>\n<meta property=\"og:title\" content=\"Elementor #229 - Vaconline\" \/>\n<meta property=\"og:description\" content=\"La mas amplia gama de soluciones. 01 Nosotros Somos Vac Online VAC Online VAC ON LINE es un mayorista de TI resultado de la uni\u00f3n de un grupo de profesionales en tecnolog\u00eda cuya misi\u00f3n es el desarrollo de canales de distribuci\u00f3n enfocados en la integraci\u00f3n y venta de soluciones de infraestructura, comunicaciones y redes. VAC&hellip; Continue reading Elementor #229\" \/>\n<meta property=\"og:url\" content=\"https:\/\/vaconline.mx\/index.php\/elementor-229\/\" \/>\n<meta property=\"og:site_name\" content=\"Vaconline\" \/>\n<meta property=\"article:modified_time\" content=\"2021-12-23T04:01:09+00:00\" \/>\n<meta property=\"og:image\" content=\"https:\/\/vaconline.mx\/wp-content\/uploads\/2021\/12\/man-using-mobile-payments-online-shopping-and-icon-customer-network-connection-on-scre-SBI-301990136-scaled.jpg\" \/>\n<meta name=\"twitter:card\" content=\"summary_large_image\" \/>\n<meta name=\"twitter:label1\" content=\"Est. reading time\" \/>\n\t<meta name=\"twitter:data1\" content=\"1 minute\" \/>\n<script type=\"application\/ld+json\" class=\"yoast-schema-graph\">{\"@context\":\"https:\/\/schema.org\",\"@graph\":[{\"@type\":\"WebPage\",\"@id\":\"https:\/\/vaconline.mx\/index.php\/elementor-229\/\",\"url\":\"https:\/\/vaconline.mx\/index.php\/elementor-229\/\",\"name\":\"Elementor #229 - Vaconline\",\"isPartOf\":{\"@id\":\"https:\/\/vaconline.mx\/#website\"},\"primaryImageOfPage\":{\"@id\":\"https:\/\/vaconline.mx\/index.php\/elementor-229\/#primaryimage\"},\"image\":{\"@id\":\"https:\/\/vaconline.mx\/index.php\/elementor-229\/#primaryimage\"},\"thumbnailUrl\":\"https:\/\/vaconline.mx\/wp-content\/uploads\/2021\/12\/man-using-mobile-payments-online-shopping-and-icon-customer-network-connection-on-scre-SBI-301990136-scaled.jpg\",\"datePublished\":\"2021-12-08T03:13:22+00:00\",\"dateModified\":\"2021-12-23T04:01:09+00:00\",\"breadcrumb\":{\"@id\":\"https:\/\/vaconline.mx\/index.php\/elementor-229\/#breadcrumb\"},\"inLanguage\":\"en-US\",\"potentialAction\":[{\"@type\":\"ReadAction\",\"target\":[\"https:\/\/vaconline.mx\/index.php\/elementor-229\/\"]}]},{\"@type\":\"ImageObject\",\"inLanguage\":\"en-US\",\"@id\":\"https:\/\/vaconline.mx\/index.php\/elementor-229\/#primaryimage\",\"url\":\"https:\/\/vaconline.mx\/wp-content\/uploads\/2021\/12\/man-using-mobile-payments-online-shopping-and-icon-customer-network-connection-on-scre-SBI-301990136-scaled.jpg\",\"contentUrl\":\"https:\/\/vaconline.mx\/wp-content\/uploads\/2021\/12\/man-using-mobile-payments-online-shopping-and-icon-customer-network-connection-on-scre-SBI-301990136-scaled.jpg\",\"width\":2560,\"height\":1707,\"caption\":\"Man using mobile payments online shopping and icon customer network connection on screen.Blurred background .\"},{\"@type\":\"BreadcrumbList\",\"@id\":\"https:\/\/vaconline.mx\/index.php\/elementor-229\/#breadcrumb\",\"itemListElement\":[{\"@type\":\"ListItem\",\"position\":1,\"name\":\"Portada\",\"item\":\"https:\/\/vaconline.mx\/\"},{\"@type\":\"ListItem\",\"position\":2,\"name\":\"Elementor #229\"}]},{\"@type\":\"WebSite\",\"@id\":\"https:\/\/vaconline.mx\/#website\",\"url\":\"https:\/\/vaconline.mx\/\",\"name\":\"Vaconline\",\"description\":\"Otro sitio realizado con WordPress\",\"potentialAction\":[{\"@type\":\"SearchAction\",\"target\":{\"@type\":\"EntryPoint\",\"urlTemplate\":\"https:\/\/vaconline.mx\/?s={search_term_string}\"},\"query-input\":{\"@type\":\"PropertyValueSpecification\",\"valueRequired\":true,\"valueName\":\"search_term_string\"}}],\"inLanguage\":\"en-US\"}]}<\/script>\n<!-- \/ Yoast SEO plugin. -->","yoast_head_json":{"title":"Elementor #229 - Vaconline","robots":{"index":"index","follow":"follow","max-snippet":"max-snippet:-1","max-image-preview":"max-image-preview:large","max-video-preview":"max-video-preview:-1"},"canonical":"https:\/\/vaconline.mx\/index.php\/elementor-229\/","og_locale":"en_US","og_type":"article","og_title":"Elementor #229 - Vaconline","og_description":"La mas amplia gama de soluciones. 01 Nosotros Somos Vac Online VAC Online VAC ON LINE es un mayorista de TI resultado de la uni\u00f3n de un grupo de profesionales en tecnolog\u00eda cuya misi\u00f3n es el desarrollo de canales de distribuci\u00f3n enfocados en la integraci\u00f3n y venta de soluciones de infraestructura, comunicaciones y redes. VAC&hellip; Continue reading Elementor #229","og_url":"https:\/\/vaconline.mx\/index.php\/elementor-229\/","og_site_name":"Vaconline","article_modified_time":"2021-12-23T04:01:09+00:00","og_image":[{"url":"https:\/\/vaconline.mx\/wp-content\/uploads\/2021\/12\/man-using-mobile-payments-online-shopping-and-icon-customer-network-connection-on-scre-SBI-301990136-scaled.jpg","type":"","width":"","height":""}],"twitter_card":"summary_large_image","twitter_misc":{"Est. reading time":"1 minute"},"schema":{"@context":"https:\/\/schema.org","@graph":[{"@type":"WebPage","@id":"https:\/\/vaconline.mx\/index.php\/elementor-229\/","url":"https:\/\/vaconline.mx\/index.php\/elementor-229\/","name":"Elementor #229 - Vaconline","isPartOf":{"@id":"https:\/\/vaconline.mx\/#website"},"primaryImageOfPage":{"@id":"https:\/\/vaconline.mx\/index.php\/elementor-229\/#primaryimage"},"image":{"@id":"https:\/\/vaconline.mx\/index.php\/elementor-229\/#primaryimage"},"thumbnailUrl":"https:\/\/vaconline.mx\/wp-content\/uploads\/2021\/12\/man-using-mobile-payments-online-shopping-and-icon-customer-network-connection-on-scre-SBI-301990136-scaled.jpg","datePublished":"2021-12-08T03:13:22+00:00","dateModified":"2021-12-23T04:01:09+00:00","breadcrumb":{"@id":"https:\/\/vaconline.mx\/index.php\/elementor-229\/#breadcrumb"},"inLanguage":"en-US","potentialAction":[{"@type":"ReadAction","target":["https:\/\/vaconline.mx\/index.php\/elementor-229\/"]}]},{"@type":"ImageObject","inLanguage":"en-US","@id":"https:\/\/vaconline.mx\/index.php\/elementor-229\/#primaryimage","url":"https:\/\/vaconline.mx\/wp-content\/uploads\/2021\/12\/man-using-mobile-payments-online-shopping-and-icon-customer-network-connection-on-scre-SBI-301990136-scaled.jpg","contentUrl":"https:\/\/vaconline.mx\/wp-content\/uploads\/2021\/12\/man-using-mobile-payments-online-shopping-and-icon-customer-network-connection-on-scre-SBI-301990136-scaled.jpg","width":2560,"height":1707,"caption":"Man using mobile payments online shopping and icon customer network connection on screen.Blurred background ."},{"@type":"BreadcrumbList","@id":"https:\/\/vaconline.mx\/index.php\/elementor-229\/#breadcrumb","itemListElement":[{"@type":"ListItem","position":1,"name":"Portada","item":"https:\/\/vaconline.mx\/"},{"@type":"ListItem","position":2,"name":"Elementor #229"}]},{"@type":"WebSite","@id":"https:\/\/vaconline.mx\/#website","url":"https:\/\/vaconline.mx\/","name":"Vaconline","description":"Otro sitio realizado con WordPress","potentialAction":[{"@type":"SearchAction","target":{"@type":"EntryPoint","urlTemplate":"https:\/\/vaconline.mx\/?s={search_term_string}"},"query-input":{"@type":"PropertyValueSpecification","valueRequired":true,"valueName":"search_term_string"}}],"inLanguage":"en-US"}]}},"_links":{"self":[{"href":"https:\/\/vaconline.mx\/index.php\/wp-json\/wp\/v2\/pages\/229"}],"collection":[{"href":"https:\/\/vaconline.mx\/index.php\/wp-json\/wp\/v2\/pages"}],"about":[{"href":"https:\/\/vaconline.mx\/index.php\/wp-json\/wp\/v2\/types\/page"}],"author":[{"embeddable":true,"href":"https:\/\/vaconline.mx\/index.php\/wp-json\/wp\/v2\/users\/1"}],"replies":[{"embeddable":true,"href":"https:\/\/vaconline.mx\/index.php\/wp-json\/wp\/v2\/comments?post=229"}],"version-history":[{"count":136,"href":"https:\/\/vaconline.mx\/index.php\/wp-json\/wp\/v2\/pages\/229\/revisions"}],"predecessor-version":[{"id":696,"href":"https:\/\/vaconline.mx\/index.php\/wp-json\/wp\/v2\/pages\/229\/revisions\/696"}],"wp:attachment":[{"href":"https:\/\/vaconline.mx\/index.php\/wp-json\/wp\/v2\/media?parent=229"}],"curies":[{"name":"wp","href":"https:\/\/api.w.org\/{rel}","templated":true}]}}